{"id":85,"date":"2021-12-13T22:21:27","date_gmt":"2021-12-13T21:21:27","guid":{"rendered":"https:\/\/www.balpompiersvitrolles.com\/?page_id=85"},"modified":"2023-03-23T20:45:07","modified_gmt":"2023-03-23T19:45:07","slug":"lieu","status":"publish","type":"page","link":"https:\/\/www.balpompiersvitrolles.com\/index.php\/lieu\/","title":{"rendered":"Lieu"},"content":{"rendered":"<div  data-label=\"Content\" data-id=\"content--2\" data-export-id=\"content-7-mc\" data-category=\"content\" class=\"content-7-mc content-section content-section-spacing\" id=\"content-2\" style=\"background-color: rgb(255, 255, 255);\"><div  class=\"gridContainer\"> <div  class=\"row middle-sm\"><div  class=\"col-sm-6 space-bottom-xs\" data-type=\"column\"> <h2  class=\"\"><span  style=\"font-style: italic;\">Un Lieu<\/span> <span  style=\"font-family: &quot;Playfair Display&quot;, arial, helvetica, sans-serif; font-weight: 400;\">d\u2019exception<\/span><\/h2> <p  class=\"\">Situ\u00e9 dans le sud de Vitrolles, le Domaine de Fontblanche est une grande propri\u00e9t\u00e9 datant de 1830 appartenant \u00e0 la ville.\n<br ><br >\nSite historique et haut lieu de la culture vitrollaise, le d\u00e9cor majestueux du domaine est un atout important \u00e0 la r\u00e9ussite de notre \u00e9v\u00e8nement.<\/p> <\/div> <div  class=\"col-sm-6\" data-type=\"column\"> <img  class=\"shadow-large\" src=\"https:\/\/www.balpompiersvitrolles.com\/wp-content\/uploads\/2021\/12\/cropped-cropped-40541212_242575379933147_3460056719156051968_n-1.jpg\" title=\"cropped-cropped-40541212_242575379933147_3460056719156051968_n-1.jpg\" alt=\"\"><\/div> <\/div><\/div> <\/div><div  data-label=\"Content\" data-id=\"content--3\" data-export-id=\"content-7-mc\" data-category=\"content\" class=\"content-7-mc content-section content-section-spacing\" id=\"content-3\" style=\"background-color: rgb(245, 250, 253);\"><div  class=\"gridContainer\"> <div  class=\"row middle-sm\"><div  class=\"col-sm-6 space-bottom-xs\" data-type=\"column\"> <h2  class=\"\">Jusqu\u2019\u00e0<span  style=\"font-family: &quot;Playfair Display&quot;, arial, helvetica, sans-serif; font-style: italic;\"> 3.000<\/span> personnes<\/h2> <p  class=\"\">Le domaine permet d\u2019accueillir jusqu\u2019\u00e0 3.000 personnes.\n<br ><br >\nRetrouvez nos deux sc\u00e8nes, l\u2019espace foodtrucks pour vous restaurer, notre bar au couleurs de notre partenaire.<\/p> <\/div> <div  class=\"col-sm-6\" data-type=\"column\"> <img  class=\"shadow-large\" src=\"https:\/\/www.balpompiersvitrolles.com\/wp-content\/uploads\/2021\/12\/cropped-cropped-IMG_1755-scaled-1-1.jpg\" title=\"cropped-cropped-IMG_1755-scaled-1-1.jpg\" alt=\"\"><\/div> <\/div><\/div> <\/div><div  data-label=\"Content\" data-id=\"content--4\" data-export-id=\"content-7-mc\" data-category=\"content\" class=\"content-7-mc content-section content-section-spacing\" id=\"content-4\" style=\"background-color: rgb(255, 255, 255);\"><div  class=\"gridContainer\"> <div  class=\"row middle-sm\"><div  class=\"col-sm-6 space-bottom-xs\" data-type=\"column\"> <h2  class=\"\">Une sc\u00e8ne <span  style=\"font-family: &quot;Playfair Display&quot;, arial, helvetica, sans-serif; font-style: italic;\">Unique<\/span><\/h2> <p  class=\"\">Notre sc\u00e8ne principale \u00e9quip\u00e9e par notre partenaire Prestige \u00e9v\u00e8nement peut accueillir les plus grands artistes.\n<\/p> <\/div> <div  class=\"col-sm-6\" data-type=\"column\"> <img  class=\"shadow-large\" src=\"https:\/\/www.balpompiersvitrolles.com\/wp-content\/uploads\/2021\/12\/cropped-cropped-IMG_1521-scaled-1.jpg\" title=\"cropped-cropped-IMG_1521-scaled-1.jpg\" alt=\"\"><\/div> <\/div><\/div> <\/div><div  data-label=\"Content\" data-id=\"content--5\" data-export-id=\"content-7-mc\" data-category=\"content\" class=\"content-7-mc content-section content-section-spacing\" id=\"content-5\" style=\"background-color: rgb(245, 250, 253);\"><div  class=\"gridContainer\"> <div  class=\"row middle-sm\"><div  class=\"col-sm-6 space-bottom-xs\" data-type=\"column\"> <h2  class=\"\">Un <span  style=\"font-family: &quot;Playfair Display&quot;, arial, helvetica, sans-serif; font-style: italic;\">voyage culinaire<\/span><\/h2> <p  class=\"\">Notre espace de restauration situ\u00e9 autour de la sc\u00e8ne du Grand Restaurant, a \u00e9t\u00e9 repens\u00e9.<br ><br >\nNotre objectif est : des repas \u00e0 tarifs r\u00e9duits, restauration rapide ou repas \u00e0 table, des files d&rsquo;attente r\u00e9duites.<\/p> <\/div> <div  class=\"col-sm-6\" data-type=\"column\"> <img  class=\"shadow-large\" src=\"https:\/\/www.balpompiersvitrolles.com\/wp-content\/uploads\/2021\/12\/cropped-cropped-IMG_1522-scaled-1.jpg\" title=\"cropped-cropped-IMG_1522-scaled-1.jpg\" alt=\"\"><\/div> <\/div><\/div> <\/div>","protected":false},"excerpt":{"rendered":"<p>Un Lieu d\u2019exception Situ\u00e9 dans le sud de Vitrolles, le Domaine de Fontblanche est une grande propri\u00e9t\u00e9 datant de 1830 appartenant \u00e0 la ville. Site historique et haut lieu de la culture vitrollaise, le d\u00e9cor majestueux du domaine est un atout important \u00e0 la r\u00e9ussite de notre \u00e9v\u00e8nement. Jusqu\u2019\u00e0 3.000 personnes Le domaine permet d\u2019accueillir&hellip; <br \/> <a class=\"read-more\" href=\"https:\/\/www.balpompiersvitrolles.com\/index.php\/lieu\/\">Read more<\/a><\/p>\n","protected":false},"author":1,"featured_media":219,"parent":0,"menu_order":0,"comment_status":"closed","ping_status":"closed","template":"pro\/page-templates\/full-width-page.php","meta":[],"yoast_head":"<!-- This site is optimized with the Yoast SEO plugin v19.13 - https:\/\/yoast.com\/wordpress\/plugins\/seo\/ -->\n<title>Lieu - Bal des pompiers de Vitrolles<\/title>\n<meta name=\"robots\" content=\"index, follow, max-snippet:-1, max-image-preview:large, max-video-preview:-1\" \/>\n<link rel=\"canonical\" href=\"https:\/\/www.balpompiersvitrolles.com\/index.php\/lieu\/\" \/>\n<meta property=\"og:locale\" content=\"fr_FR\" \/>\n<meta property=\"og:type\" content=\"article\" \/>\n<meta property=\"og:title\" content=\"Lieu - Bal des pompiers de Vitrolles\" \/>\n<meta property=\"og:description\" content=\"Un Lieu d\u2019exception Situ\u00e9 dans le sud de Vitrolles, le Domaine de Fontblanche est une grande propri\u00e9t\u00e9 datant de 1830 appartenant \u00e0 la ville. Site historique et haut lieu de la culture vitrollaise, le d\u00e9cor majestueux du domaine est un atout important \u00e0 la r\u00e9ussite de notre \u00e9v\u00e8nement. Jusqu\u2019\u00e0 3.000 personnes Le domaine permet d\u2019accueillir&hellip; Read more\" \/>\n<meta property=\"og:url\" content=\"https:\/\/www.balpompiersvitrolles.com\/index.php\/lieu\/\" \/>\n<meta property=\"og:site_name\" content=\"Bal des pompiers de Vitrolles\" \/>\n<meta property=\"article:modified_time\" content=\"2023-03-23T19:45:07+00:00\" \/>\n<meta property=\"og:image\" content=\"https:\/\/www.balpompiersvitrolles.com\/wp-content\/uploads\/2021\/12\/IMG_1516-1-scaled.jpg\" \/>\n\t<meta property=\"og:image:width\" content=\"2560\" \/>\n\t<meta property=\"og:image:height\" content=\"1707\" \/>\n\t<meta property=\"og:image:type\" content=\"image\/jpeg\" \/>\n<meta name=\"twitter:card\" content=\"summary_large_image\" \/>\n<meta name=\"twitter:label1\" content=\"Dur\u00e9e de lecture estim\u00e9e\" \/>\n\t<meta name=\"twitter:data1\" content=\"1 minute\" \/>\n<script type=\"application\/ld+json\" class=\"yoast-schema-graph\">{\"@context\":\"https:\/\/schema.org\",\"@graph\":[{\"@type\":\"WebPage\",\"@id\":\"https:\/\/www.balpompiersvitrolles.com\/index.php\/lieu\/\",\"url\":\"https:\/\/www.balpompiersvitrolles.com\/index.php\/lieu\/\",\"name\":\"Lieu - Bal des pompiers de Vitrolles\",\"isPartOf\":{\"@id\":\"https:\/\/www.balpompiersvitrolles.com\/#website\"},\"datePublished\":\"2021-12-13T21:21:27+00:00\",\"dateModified\":\"2023-03-23T19:45:07+00:00\",\"breadcrumb\":{\"@id\":\"https:\/\/www.balpompiersvitrolles.com\/index.php\/lieu\/#breadcrumb\"},\"inLanguage\":\"fr-FR\",\"potentialAction\":[{\"@type\":\"ReadAction\",\"target\":[\"https:\/\/www.balpompiersvitrolles.com\/index.php\/lieu\/\"]}]},{\"@type\":\"BreadcrumbList\",\"@id\":\"https:\/\/www.balpompiersvitrolles.com\/index.php\/lieu\/#breadcrumb\",\"itemListElement\":[{\"@type\":\"ListItem\",\"position\":1,\"name\":\"Accueil\",\"item\":\"https:\/\/www.balpompiersvitrolles.com\/\"},{\"@type\":\"ListItem\",\"position\":2,\"name\":\"Lieu\"}]},{\"@type\":\"WebSite\",\"@id\":\"https:\/\/www.balpompiersvitrolles.com\/#website\",\"url\":\"https:\/\/www.balpompiersvitrolles.com\/\",\"name\":\"Bal des pompiers de Vitrolles\",\"description\":\"\",\"potentialAction\":[{\"@type\":\"SearchAction\",\"target\":{\"@type\":\"EntryPoint\",\"urlTemplate\":\"https:\/\/www.balpompiersvitrolles.com\/?s={search_term_string}\"},\"query-input\":\"required name=search_term_string\"}],\"inLanguage\":\"fr-FR\"}]}<\/script>\n<!-- \/ Yoast SEO plugin. -->","yoast_head_json":{"title":"Lieu - Bal des pompiers de Vitrolles","robots":{"index":"index","follow":"follow","max-snippet":"max-snippet:-1","max-image-preview":"max-image-preview:large","max-video-preview":"max-video-preview:-1"},"canonical":"https:\/\/www.balpompiersvitrolles.com\/index.php\/lieu\/","og_locale":"fr_FR","og_type":"article","og_title":"Lieu - Bal des pompiers de Vitrolles","og_description":"Un Lieu d\u2019exception Situ\u00e9 dans le sud de Vitrolles, le Domaine de Fontblanche est une grande propri\u00e9t\u00e9 datant de 1830 appartenant \u00e0 la ville. Site historique et haut lieu de la culture vitrollaise, le d\u00e9cor majestueux du domaine est un atout important \u00e0 la r\u00e9ussite de notre \u00e9v\u00e8nement. Jusqu\u2019\u00e0 3.000 personnes Le domaine permet d\u2019accueillir&hellip; Read more","og_url":"https:\/\/www.balpompiersvitrolles.com\/index.php\/lieu\/","og_site_name":"Bal des pompiers de Vitrolles","article_modified_time":"2023-03-23T19:45:07+00:00","og_image":[{"width":2560,"height":1707,"url":"https:\/\/www.balpompiersvitrolles.com\/wp-content\/uploads\/2021\/12\/IMG_1516-1-scaled.jpg","type":"image\/jpeg"}],"twitter_card":"summary_large_image","twitter_misc":{"Dur\u00e9e de lecture estim\u00e9e":"1 minute"},"schema":{"@context":"https:\/\/schema.org","@graph":[{"@type":"WebPage","@id":"https:\/\/www.balpompiersvitrolles.com\/index.php\/lieu\/","url":"https:\/\/www.balpompiersvitrolles.com\/index.php\/lieu\/","name":"Lieu - Bal des pompiers de Vitrolles","isPartOf":{"@id":"https:\/\/www.balpompiersvitrolles.com\/#website"},"datePublished":"2021-12-13T21:21:27+00:00","dateModified":"2023-03-23T19:45:07+00:00","breadcrumb":{"@id":"https:\/\/www.balpompiersvitrolles.com\/index.php\/lieu\/#breadcrumb"},"inLanguage":"fr-FR","potentialAction":[{"@type":"ReadAction","target":["https:\/\/www.balpompiersvitrolles.com\/index.php\/lieu\/"]}]},{"@type":"BreadcrumbList","@id":"https:\/\/www.balpompiersvitrolles.com\/index.php\/lieu\/#breadcrumb","itemListElement":[{"@type":"ListItem","position":1,"name":"Accueil","item":"https:\/\/www.balpompiersvitrolles.com\/"},{"@type":"ListItem","position":2,"name":"Lieu"}]},{"@type":"WebSite","@id":"https:\/\/www.balpompiersvitrolles.com\/#website","url":"https:\/\/www.balpompiersvitrolles.com\/","name":"Bal des pompiers de Vitrolles","description":"","potentialAction":[{"@type":"SearchAction","target":{"@type":"EntryPoint","urlTemplate":"https:\/\/www.balpompiersvitrolles.com\/?s={search_term_string}"},"query-input":"required name=search_term_string"}],"inLanguage":"fr-FR"}]}},"_links":{"self":[{"href":"https:\/\/www.balpompiersvitrolles.com\/index.php\/wp-json\/wp\/v2\/pages\/85"}],"collection":[{"href":"https:\/\/www.balpompiersvitrolles.com\/index.php\/wp-json\/wp\/v2\/pages"}],"about":[{"href":"https:\/\/www.balpompiersvitrolles.com\/index.php\/wp-json\/wp\/v2\/types\/page"}],"author":[{"embeddable":true,"href":"https:\/\/www.balpompiersvitrolles.com\/index.php\/wp-json\/wp\/v2\/users\/1"}],"replies":[{"embeddable":true,"href":"https:\/\/www.balpompiersvitrolles.com\/index.php\/wp-json\/wp\/v2\/comments?post=85"}],"version-history":[{"count":0,"href":"https:\/\/www.balpompiersvitrolles.com\/index.php\/wp-json\/wp\/v2\/pages\/85\/revisions"}],"wp:featuredmedia":[{"embeddable":true,"href":"https:\/\/www.balpompiersvitrolles.com\/index.php\/wp-json\/wp\/v2\/media\/219"}],"wp:attachment":[{"href":"https:\/\/www.balpompiersvitrolles.com\/index.php\/wp-json\/wp\/v2\/media?parent=85"}],"curies":[{"name":"wp","href":"https:\/\/api.w.org\/{rel}","templated":true}]}}